{"id":32,"date":"2017-02-10T12:27:19","date_gmt":"2017-02-10T11:27:19","guid":{"rendered":"http:\/\/rhoenklub-dipperz.de\/?page_id=32"},"modified":"2022-04-04T23:18:46","modified_gmt":"2022-04-04T21:18:46","slug":"vorstandschronik","status":"publish","type":"page","link":"https:\/\/rhoenklub-dipperz.de\/index.php\/vorstandschronik\/","title":{"rendered":"Vorstandschaften"},"content":{"rendered":"<p>Die Initiative ging von B\u00fcrgermeister Bernhard Weber mit Unterst\u00fctzung des Gauvorsitzenden Toni Roth aus K\u00fcnzell und des Gauwanderwartes Albrecht Spiegel aus Tann aus.<\/p>\n<figure id=\"attachment_292\" aria-describedby=\"caption-attachment-292\" style=\"width: 800px\" class=\"wp-caption aligncenter\"><img loading=\"lazy\" decoding=\"async\" class=\"wp-image-292 size-full\" src=\"http:\/\/rhoenklub-dipperz.de\/wp-content\/uploads\/2017\/02\/Hauptversammlung-19.3.13-6.jpg\" width=\"800\" height=\"600\" srcset=\"https:\/\/rhoenklub-dipperz.de\/wp-content\/uploads\/2017\/02\/Hauptversammlung-19.3.13-6.jpg 800w, https:\/\/rhoenklub-dipperz.de\/wp-content\/uploads\/2017\/02\/Hauptversammlung-19.3.13-6-300x225.jpg 300w, https:\/\/rhoenklub-dipperz.de\/wp-content\/uploads\/2017\/02\/Hauptversammlung-19.3.13-6-768x576.jpg 768w\" sizes=\"auto, (max-width: 800px) 100vw, 800px\" \/><figcaption id=\"caption-attachment-292\" class=\"wp-caption-text\">Die 3 Vorsitzenden seit der Vereinsgr\u00fcndung im Jahre 1997 bis 2019: Helmut. Wagner, Uwe. M\u00e4rtin, Hans-J\u00fcrgen W\u00fcnnenberg<\/figcaption><\/figure>\n<p><strong><u>Vorst\u00e4nde:<br \/>\nAktuell seit 23. 03. 2022<br \/>\nVertretungberechtigte Vorstandsmitglieder:<br \/>\nBernhard Weber , Am S\u00e4mig 10, 36160 Dipperz<br \/>\nTelefon: 066577338<br \/>\nGerhard Koch, Rh\u00f6nstra\u00dfe 3, 36160 Dipperz<br \/>\nTelefon 066577585<br \/>\nHeike Diegelmann, Wilhelm-Ney-Stra\u00dfe 10, 36160 Dipperz<br \/>\nTelefon 066578431<br \/>\nSchriftf\u00fchrer: Georg Link<br \/>\nKassenwartin: Andrea Trapp<br \/>\nWanderwart: Berthold M\u00fcller<br \/>\nWegewarte: Rudi und Ingrid K\u00fcchler<br \/>\nKultur-und Presewart: Bernhrd Weber<br \/>\nJugendwartin: Corinna Reinhard<br \/>\nFamilienwartin: Martina Reinhard<\/u><\/strong><\/p>\n<p><strong><u>Chronik der bisherigen Vorst\u00e4nde<br \/>\n<\/u><\/strong><strong>1997:<\/strong> 1. Vorsitzender: Helmut Wagner, Bernhard Weber,<br \/>\nReinhold Hohmann<br \/>\n2. Vorsitzender: Thomas Jest\u00e4dt<br \/>\nKassierer: Hermann Hillenbrand<br \/>\nSchriftf\u00fchrerin: Friedel Barthelmes<br \/>\nWanderwarte: Georg Reinhard und Rudi Sch\u00e4fer<br \/>\nWegewarte: Erwin Leibold, Helmut Brill und Elmar Vogler<br \/>\nNaturschutz- und Kulturwart: Reinhold Hartung<\/p>\n<p><strong>1998:<\/strong>&nbsp;&nbsp; 1. Vorsitzender Helmut Wagner<br \/>\n2. Vorsitzender: Bernhard Weber<\/p>\n<p><strong>2001:<\/strong><br \/>\n<span style=\"font-size: inherit;\">&nbsp; &nbsp; &nbsp; &nbsp; Vorsitzender Uwe M\u00e4rtin<br \/>\n<\/span>&nbsp; &nbsp; &nbsp; &nbsp; &nbsp;Kassierer: Gerhard Mehler<br \/>\nNaturschutzwart: Hubert Stha\u00df<br \/>\nSchriftf\u00fchrerin: Friedel Barthelmes, Heike Diegelmann<br \/>\nWanderwarte: Richard Leibold und Rudi Sch\u00e4fer<br \/>\nWegewarte: Robert Wingenfeld, Erwin Leibold<br \/>\nNaturschutzwarte: Emmi Trapp, Hubert St\u00fc\u00df<br \/>\nKulturwartin: Edelgard M\u00e4rtin<br \/>\nFamilienwartin: Martina Reinhard ab 2002<br \/>\nJugendwartin: Andrea Trapp<\/p>\n<p><strong>2004:<\/strong> &nbsp; 1. Vorsitzender Uwe M\u00e4rtin<\/p>\n<ol start=\"2\">\n<li>Vorsitzende: Heinke Diegelmann<\/li>\n<li>Kassiererin: Andrea Trapp<\/li>\n<li>Schriftf\u00fchrerin: Friedel Barthelmes,<\/li>\n<li>Wanderwart: Richard Leibold und Rudi Sch\u00e4fer<\/li>\n<li>Wegewart: Robert Wingenfeld, Erwin Leibold<\/li>\n<li>Naturschutzwart: Hubert St\u00fc\u00df<\/li>\n<li>Kulturwartin: Edelgard M\u00e4rtin<\/li>\n<li>Familienwartin: Martina Reinhard ab 2002<\/li>\n<li>Jugendwartin: Martina Reinhard, Nadine Reinhard, Anja Wollschl\u00e4ger<\/li>\n<\/ol>\n<p><strong>2010:<\/strong> &nbsp; 1. Vorsitzender Uwe M\u00e4rtin<\/p>\n<ol start=\"2\">\n<li>Vorsitzende: Heike Diegelmann<\/li>\n<li>Kassiererin: Andrea Trapp<\/li>\n<li>Schriftf\u00fchrerin: Friedel Barthelmes<\/li>\n<li>Wanderwart: Richard Leibold<\/li>\n<li>Wegewart: Robert Wingenfeld, Gertrud Wingenfeld<\/li>\n<li>Naturschutzwart: Hubert St\u00fc\u00df<\/li>\n<li>Kultur- und Pressewart: Bernhard Weber<\/li>\n<li>Familienwartin: Martina Reinhard<\/li>\n<li>Jugendwartin: Corinna Reinhard<\/li>\n<\/ol>\n<p><strong>2013:<\/strong> &nbsp; 1. Vorsitzender Hans-J\u00fcrgen W\u00fcnnenberg<\/p>\n<ol start=\"2\">\n<li>Vorsitzende:&nbsp; Heike Diegelmann<\/li>\n<li>Kassiererin: Andrea Trapp<\/li>\n<li>Schriftf\u00fchrerin: Friedel Barthelmes<\/li>\n<li>Wanderwartin: Heike Diegelmann<\/li>\n<li>Wegewart: Robert Wingenfeld, Gertrud Wingenfeld<\/li>\n<li>Naturschutzwart: Hubert St\u00fc\u00df<\/li>\n<li>Kultur- und Pressewart: Bernhard Weber<\/li>\n<li>Familienwartin: Martina Reinhard<\/li>\n<li>Jugendwartin: Corinna Reinhard<\/li>\n<\/ol>\n<p><strong>2016:<\/strong> 1. Vorsitzender Hans-J\u00fcrgen W\u00fcnnenberg<br \/>\n2: Vorsitzende: Heike Diegelmann<\/p>\n<p>3: Kassenwartin: Andrea Trapp<\/p>\n<p>4: Schriftf\u00fchrerin: Friedel Barthelmes<\/p>\n<p>5: Wanderwartin: Heike Diegelamnn<\/p>\n<p>6: Wegewarte: Robert und Gertrud Wingenfeld<\/p>\n<p>7. Naturschutzwart: Hubert St\u00fc\u00df<\/p>\n<p>8: Kultur- und Pressewart: Bernhard Weber<\/p>\n<p>9: Familienwartin: Martina Reinhard<\/p>\n<p>10: Jugendwartin: Corinna Reinhard<\/p>\n","protected":false},"excerpt":{"rendered":"<p>Die Initiative ging von B\u00fcrgermeister Bernhard Weber mit Unterst\u00fctzung des Gauvorsitzenden Toni Roth aus K\u00fcnzell und des Gauwanderwartes Albrecht Spiegel aus Tann aus. Vorst\u00e4nde: Aktuell seit 23. 03. 2022 Vertretungberechtigte Vorstandsmitglieder: Bernhard Weber , Am S\u00e4mig 10, 36160 Dipperz Telefon: 066577338 Gerhard Koch, Rh\u00f6nstra\u00dfe 3, 36160 Dipperz Telefon 066577585 Heike Diegelmann, Wilhelm-Ney-Stra\u00dfe 10, 36160 Dipperz &hellip; <a href=\"https:\/\/rhoenklub-dipperz.de\/index.php\/vorstandschronik\/\" class=\"more-link\"><span class=\"screen-reader-text\">Vorstandschaften<\/span> weiterlesen <span class=\"meta-nav\">&rarr;<\/span><\/a><\/p>\n","protected":false},"author":1,"featured_media":0,"parent":0,"menu_order":0,"comment_status":"closed","ping_status":"closed","template":"","meta":{"ngg_post_thumbnail":0,"footnotes":""},"class_list":["post-32","page","type-page","status-publish","hentry"],"_links":{"self":[{"href":"https:\/\/rhoenklub-dipperz.de\/index.php\/wp-json\/wp\/v2\/pages\/32","targetHints":{"allow":["GET"]}}],"collection":[{"href":"https:\/\/rhoenklub-dipperz.de\/index.php\/wp-json\/wp\/v2\/pages"}],"about":[{"href":"https:\/\/rhoenklub-dipperz.de\/index.php\/wp-json\/wp\/v2\/types\/page"}],"author":[{"embeddable":true,"href":"https:\/\/rhoenklub-dipperz.de\/index.php\/wp-json\/wp\/v2\/users\/1"}],"replies":[{"embeddable":true,"href":"https:\/\/rhoenklub-dipperz.de\/index.php\/wp-json\/wp\/v2\/comments?post=32"}],"version-history":[{"count":0,"href":"https:\/\/rhoenklub-dipperz.de\/index.php\/wp-json\/wp\/v2\/pages\/32\/revisions"}],"wp:attachment":[{"href":"https:\/\/rhoenklub-dipperz.de\/index.php\/wp-json\/wp\/v2\/media?parent=32"}],"curies":[{"name":"wp","href":"https:\/\/api.w.org\/{rel}","templated":true}]}}