{"id":410,"date":"2017-02-19T23:49:07","date_gmt":"2017-02-19T22:49:07","guid":{"rendered":"http:\/\/rhoenklub-dipperz.de\/?page_id=410"},"modified":"2017-03-02T17:09:51","modified_gmt":"2017-03-02T16:09:51","slug":"auersberg","status":"publish","type":"page","link":"https:\/\/rhoenklub-dipperz.de\/index.php\/auersberg\/","title":{"rendered":"Auersberg"},"content":{"rendered":"<p><strong>&nbsp;&nbsp;&nbsp;&nbsp;&nbsp;&nbsp;&nbsp;&nbsp;&nbsp;&nbsp;&nbsp;&nbsp;&nbsp;&nbsp;&nbsp;&nbsp;&nbsp;&nbsp;&nbsp;&nbsp;&nbsp;&nbsp;&nbsp;&nbsp;&nbsp;&nbsp;&nbsp;&nbsp;&nbsp; Seniorenwanderung zur Auersburg<\/strong><\/p>\n<p>Die Seniorenwanderung im Oktober f\u00fchrte bei einem strahlend herbstlichen Wetter vom Parkplatz \u201eK\u00f6pfchen\u201c &#8211; der Passh\u00f6he zwischen Hilders und Simmershausen &#8211; &nbsp;auf dem Rundweg 6 zur Ruine Auersburg.<\/p>\n<figure id=\"attachment_408\" aria-describedby=\"caption-attachment-408\" style=\"width: 474px\" class=\"wp-caption aligncenter\"><img loading=\"lazy\" decoding=\"async\" class=\"size-large wp-image-408\" src=\"http:\/\/rhoenklub-dipperz.de\/wp-content\/uploads\/2017\/02\/17-1024x750.jpg\" alt=\"\" width=\"474\" height=\"347\" srcset=\"https:\/\/rhoenklub-dipperz.de\/wp-content\/uploads\/2017\/02\/17-1024x750.jpg 1024w, https:\/\/rhoenklub-dipperz.de\/wp-content\/uploads\/2017\/02\/17-300x220.jpg 300w, https:\/\/rhoenklub-dipperz.de\/wp-content\/uploads\/2017\/02\/17-768x562.jpg 768w, https:\/\/rhoenklub-dipperz.de\/wp-content\/uploads\/2017\/02\/17.jpg 1534w\" sizes=\"auto, (max-width: 474px) 100vw, 474px\" \/><figcaption id=\"caption-attachment-408\" class=\"wp-caption-text\">Wanderung zum Auersberg<\/figcaption><\/figure>\n<p>Die nahezu 7 km langeTour geht&nbsp; Weg durch einen artenreichen Bergmischwald, der hin und wieder einen Blick zu den T\u00e4lern der Ulster und des Scheppenbaches frei gibt. Auf einem Teilst\u00fcck werden den 23 Wanderfreunden auf Infotafeln Naturbegebenheiten anschaulich dargestellt.<\/p>\n<p>Auf einer H\u00f6he von nahezu 600 m erreichen wir die Burgruine, die am S\u00fcdhang des \u00fcber 750 m hohen Auersberges&nbsp; gelegen ist. Von der Aussichtsplattform aus k\u00f6nnen wir das in der Herbstsonne erstrahlende gesamte Rh\u00f6npanorama vom Heidelstein, \u00fcber die Wasserkuppe, den Weiherberg, die Milseburg, bis hinunter zum Habelberg mit den jeweils zu ihren F\u00fc\u00dfen liegenden Ortschaften &#8211; gleich dem Motto: wie sch\u00f6n ist Gottes weite Welt &#8211; genie\u00dfen und bestaunen.<\/p>\n<p>Die Burg entstand im sp\u00e4ten Mittelalter im 14. Jahrhundert als Sitz eines kleinen bisch\u00f6flich-w\u00fcrzburgischen Amtes. <img loading=\"lazy\" decoding=\"async\" class=\"alignleft wp-image-409\" src=\"http:\/\/rhoenklub-dipperz.de\/wp-content\/uploads\/2017\/02\/15-225x300.jpg\" width=\"225\" height=\"300\" srcset=\"https:\/\/rhoenklub-dipperz.de\/wp-content\/uploads\/2017\/02\/15-225x300.jpg 225w, https:\/\/rhoenklub-dipperz.de\/wp-content\/uploads\/2017\/02\/15-768x1024.jpg 768w, https:\/\/rhoenklub-dipperz.de\/wp-content\/uploads\/2017\/02\/15.jpg 1200w\" sizes=\"auto, (max-width: 225px) 100vw, 225px\" \/>Bis zu ihrer Auflassung im fr\u00fchen 16. Jahrhundert war die Burg Mittelpunkt des Amts A\u00fcrsberg, zu dem neben dem Hauptort Hilders die D\u00f6rfer Simmershausen, Lahrbach, Wickers und Reulbach geh\u00f6rten. W\u00e4hrend des Bauerkrieges wurde die Anlage 1525 zerst\u00f6rt. Ausgang des 17. und im folgenden Jahrhundert wurde Teile der Burg als Baumaterial u. a. f\u00fcr die Pfarrkirche in Hilders verwandt. Erst 1848 untersagte die k\u00f6niglich-bayrische Regierung die weitere Abfuhr von Steinen. In sp\u00e4terer Zeit hat man erstmals denkmalpflgerische Ma\u00dfnahmen mit Unterst\u00fctzung des Rh\u00f6nklubs durchgef\u00fchrt und auch eine Aussichtsplattform eingerichtet. Die letzte Sanierung der Auersburg, deren Name sich wohl vom mittelhochdeutschen ur, dem Auerochsen ableitet, erfolgte 2007\/2008 durch die Hess. Forstverwaltung.<\/p>\n<p>Zu Vollst\u00e4ndigkeit einer gelungenen Wanderung geh\u00f6rt nat\u00fcrlich auch eine z\u00fcnftige Einkehr, die im Gasthaus \u201eZum Brunnenfeger\u201c in Liebhards mit Speis und Trank stattfand.<\/p>\n<p>Quelle: Burgruine Auersburg \u2013 Hessen-Forst<br \/>\nText und Fotos: Bernhard Weber<\/p>\n","protected":false},"excerpt":{"rendered":"<p>&nbsp;&nbsp;&nbsp;&nbsp;&nbsp;&nbsp;&nbsp;&nbsp;&nbsp;&nbsp;&nbsp;&nbsp;&nbsp;&nbsp;&nbsp;&nbsp;&nbsp;&nbsp;&nbsp;&nbsp;&nbsp;&nbsp;&nbsp;&nbsp;&nbsp;&nbsp;&nbsp;&nbsp;&nbsp; Seniorenwanderung zur Auersburg Die Seniorenwanderung im Oktober f\u00fchrte bei einem strahlend herbstlichen Wetter vom Parkplatz \u201eK\u00f6pfchen\u201c &#8211; der Passh\u00f6he zwischen Hilders und Simmershausen &#8211; &nbsp;auf dem Rundweg 6 zur Ruine Auersburg. Die nahezu 7 km langeTour geht&nbsp; Weg durch einen artenreichen Bergmischwald, der hin und wieder einen Blick zu den T\u00e4lern der Ulster und &hellip; <a href=\"https:\/\/rhoenklub-dipperz.de\/index.php\/auersberg\/\" class=\"more-link\"><span class=\"screen-reader-text\">Auersberg<\/span> weiterlesen <span class=\"meta-nav\">&rarr;<\/span><\/a><\/p>\n","protected":false},"author":2,"featured_media":0,"parent":0,"menu_order":0,"comment_status":"closed","ping_status":"closed","template":"","meta":{"ngg_post_thumbnail":0,"footnotes":""},"class_list":["post-410","page","type-page","status-publish","hentry"],"_links":{"self":[{"href":"https:\/\/rhoenklub-dipperz.de\/index.php\/wp-json\/wp\/v2\/pages\/410","targetHints":{"allow":["GET"]}}],"collection":[{"href":"https:\/\/rhoenklub-dipperz.de\/index.php\/wp-json\/wp\/v2\/pages"}],"about":[{"href":"https:\/\/rhoenklub-dipperz.de\/index.php\/wp-json\/wp\/v2\/types\/page"}],"author":[{"embeddable":true,"href":"https:\/\/rhoenklub-dipperz.de\/index.php\/wp-json\/wp\/v2\/users\/2"}],"replies":[{"embeddable":true,"href":"https:\/\/rhoenklub-dipperz.de\/index.php\/wp-json\/wp\/v2\/comments?post=410"}],"version-history":[{"count":0,"href":"https:\/\/rhoenklub-dipperz.de\/index.php\/wp-json\/wp\/v2\/pages\/410\/revisions"}],"wp:attachment":[{"href":"https:\/\/rhoenklub-dipperz.de\/index.php\/wp-json\/wp\/v2\/media?parent=410"}],"curies":[{"name":"wp","href":"https:\/\/api.w.org\/{rel}","templated":true}]}}