{"id":425,"date":"2017-02-21T11:39:29","date_gmt":"2017-02-21T10:39:29","guid":{"rendered":"http:\/\/rhoenklub-dipperz.de\/?page_id=425"},"modified":"2017-02-21T17:06:21","modified_gmt":"2017-02-21T16:06:21","slug":"ausflugsziele","status":"publish","type":"page","link":"https:\/\/rhoenklub-dipperz.de\/index.php\/ausflugsziele\/","title":{"rendered":"Ausflugsziele"},"content":{"rendered":"<p>Einige Ausflugsziele von Dipperz ( Umkreis 80 km ) zur Auswahl :&nbsp; (Weitere Information \u00fcber die Seite <a href=\"http:\/\/rhoenklub-dipperz.de\/willkommen-in-der-rhoen\/\">Willkommen in der Rh\u00f6n<\/a>)<\/p>\n<p><strong>Fulda<\/strong><\/p>\n<p>Barockviertel, Dom (Bonifatiusgrab), Dommuseum, Michaeliskirche, Stadtschloss, Orangerie, Floravase, Altes Rathaus, Stadtpfarrkirche, Kloster Frauenberg, , Probsteikirche, Hessische Landesbibliothek Fulda, Planetarium mit himmelskundlichen Vorf\u00fchrungen, Vonderaumuseum, Deutsches Feuerwehrmuseum,<\/p>\n<p><strong>Petersberg:<\/strong> Probsteikirche St. Peter (Grabkirche hl. Lioba)<\/p>\n<p><strong>Eichenzell:<\/strong> Barockschloss Fasanerie (Adolphseck)<\/p>\n<p><strong>Gersfeld<\/strong>: Barockschloss, Hochwildschutzpark Ehrengrund<\/p>\n<p><strong>H\u00fcnfeld: <\/strong>Wasserschloss in Mackenzell, Bonifatiuskloster<\/p>\n<p><strong>Naturpark Rh\u00f6n Wasserkuppe<\/strong><\/p>\n<p>Deutsches Segelflugmuseum, Rundfl\u00fcge, Drachenflug- und Gleitschirmschule, Paragliding, Modellflugplatz, Radom, Sommerrodel- und bobbahn, Fuldaquelle, Basaltblockmeer Schafstein, Ski- und Loipenzentrum mit Liften (950 m hoch),&nbsp;&nbsp; Guckaisee, Geologischer Wanderpfad (Ausgang Abtsroda), Steinwand (647 m ) Bergsteiger &#8211; Lehrg\u00e4nge, Felswand aus Phonolith, &nbsp;Weiherberg ( 786 m), Enzianh\u00fctte, Milseburg ( 835 m ) &#8211;&nbsp;Pr\u00e4historischer Wanderpfad bis auf 835 m H\u00f6he, &nbsp;Schwarzes Moor &#8211; &nbsp;Lehrpfad \u00fcber Holzbohlen, Mooraugen, Drei-L\u00e4nder-Eck Hessen-Bayern-Th\u00fcringen, &nbsp;Rotes Moor Hochmoor mit seltener Flora, Rundwanderweg Kreuzberg Kreuzigungsgruppe, Kloster mit Brauerei und Brotzeitm\u00f6glichkeit&nbsp;(928 m H\u00f6he), Heidelstein ( 926 m ), &nbsp;Naturpark &#8222;Lange Rh\u00f6n&#8220; &#8211; Hochrh\u00f6nstra\u00dfe, &nbsp;Gangolfsberg ( Basalts\u00e4ulen), Schafstein (Riesiges Basaltblockmeer), Teufelstein (Bizarre Felsgruppe).<\/p>\n<p><strong>Kleinsassen: <\/strong>K\u00fcnstlerdorf, Kunstmuseum, Pfundsmuseum, Wachsfigurenmuseum<\/p>\n<p><strong>Tann:<\/strong> Museumsdorf, Natur- und Jagdmuseum, Stadttor, 11-Apostel-Haus, Schlossanlage m. Brunnen<\/p>\n<p><strong>Dipperz-Wolferts:<\/strong> Lehrpfad \u00fcber das Waldsterben<\/p>\n<p><strong>Poppenhausen:<\/strong> Kaskadenschlucht, Wachtk\u00fcppel (Basaltkegel), Sieblosmuseum <strong>Ebersburg<\/strong>: Mittelalterliche Burgruine<\/p>\n<p><strong>Fladungen<\/strong>: Rh\u00f6nmuseum, Freilandmuseum, Stadtbild<\/p>\n<p><strong>Hilders:<\/strong> Felsblockmeere Battenstein, Ulstertal Rh\u00f6ner Handwerkerhof<\/p>\n<p><strong>Rasdorf: <\/strong>Fr\u00fchgotische Stiftsbasilika, Marktplatz<\/p>\n<p><strong>Ostheim<\/strong>: Gr\u00f6\u00dfte Kirchenburganlage, Rathaus, Stadtbild,<\/p>\n<p><strong>Bischofsheim<\/strong>: Stadtrundling, Zentrum der Holzschnitzkunst, Kloster Kreuzberg, Elfershausen, Renaissance-Schloss Trimburg<\/p>\n<p><span style=\"text-decoration: underline;\"><strong>Franken<\/strong><\/span><\/p>\n<p><strong>Badeorte:<\/strong> Bad Kissingen, Bad Bocklet, Bad Br\u00fcckenau, Bad Neustadt<\/p>\n<p><strong>Hammelburg.<\/strong> Burg Saaleck, Kloster, Altstadt, Kellereischloss, N\u00f6rdlichste Weinstadt Frankens<\/p>\n<p><strong>Mellrichstadt:<\/strong> Salzhaus M\u00fcnnerstadt, Magdalenenaltar von Tilmann Riemenschneider, Historische Altstadt, Klosterkirche, Stadtpfarrkirche, Schloss Aschach &#8211;&nbsp;Volkskunde- und Schulmuseum,<\/p>\n<p><span style=\"text-decoration: underline;\"><strong>Vogelsberg<\/strong><\/span><\/p>\n<p><strong>Schlitz:<\/strong> Burgenstadt, &nbsp;Schlitzerl\u00e4nder Tierfreiheit<\/p>\n<p><strong>Alsfeld:<\/strong> Altes Rathaus<\/p>\n<p><strong>Bad Hersfeld:<\/strong> Festspielstadt<\/p>\n<p><span style=\"text-decoration: underline;\"><strong>Spessart<\/strong><\/span><\/p>\n<p><strong>Bad Orb:<\/strong> Schloss Mespelbrunn<\/p>\n<p><span style=\"text-decoration: underline;\">Th\u00fcringen<\/span><\/p>\n<p>Asbach: Schaubergwerk &#8222;Finstertal&#8220;<\/p>\n<p><strong>Eisenach:<\/strong> Wartburg Lutherhaus, Bachhaus, Stadtschloss Nikolaitor, Automuseum, Drachenschlucht<\/p>\n<p><strong>Dermbach u. Zella<\/strong>: Barockkirchen<\/p>\n<p><strong>Gotha<\/strong>: Schloss Friedenstein, Orangerie, Rathaus<\/p>\n<p><strong>Walldorf:<\/strong> Kirchenburg, Sandsteinh\u00f6hle mit M\u00e4rchenspielszenen<\/p>\n<p><strong>Meinigen<\/strong>: Schloss Landsberg\/Werratal, Schloss Elisabethenburg, Goetheplatz<\/p>\n<p><strong>Bad Liebenstein<\/strong>: Altensteiner H\u00f6hle<\/p>\n<p><strong>Breitungen<\/strong>: Klosterbasilika, Naturpark Breitunger See<\/p>\n<p><strong>Ilmenau:<\/strong> Amtshaus, Goethe-Gedenkst\u00e4tte, Jagdhaus Gabelbach<\/p>\n<p><strong>Oberhof<\/strong>: Th\u00fcringer Wald, Rennsteig, Skischanze, Bobbahn<\/p>\n<p><strong>Suhl<\/strong>: Waffenmuseum<\/p>\n<p><strong>Schmalkalden<\/strong>: Schloss Wilhelmsburg, Stadtkirche, Trusetaler Wasserfall, Techn. Denkmal: Hochofen auf Holzkohlenbasis<\/p>\n<p><strong>Merkers<\/strong>: Erlebnisbergwerk<\/p>\n","protected":false},"excerpt":{"rendered":"<p>Einige Ausflugsziele von Dipperz ( Umkreis 80 km ) zur Auswahl :&nbsp; (Weitere Information \u00fcber die Seite Willkommen in der Rh\u00f6n) Fulda Barockviertel, Dom (Bonifatiusgrab), Dommuseum, Michaeliskirche, Stadtschloss, Orangerie, Floravase, Altes Rathaus, Stadtpfarrkirche, Kloster Frauenberg, , Probsteikirche, Hessische Landesbibliothek Fulda, Planetarium mit himmelskundlichen Vorf\u00fchrungen, Vonderaumuseum, Deutsches Feuerwehrmuseum, Petersberg: Probsteikirche St. Peter (Grabkirche hl. Lioba) Eichenzell: &hellip; <a href=\"https:\/\/rhoenklub-dipperz.de\/index.php\/ausflugsziele\/\" class=\"more-link\"><span class=\"screen-reader-text\">Ausflugsziele<\/span> weiterlesen <span class=\"meta-nav\">&rarr;<\/span><\/a><\/p>\n","protected":false},"author":1,"featured_media":0,"parent":0,"menu_order":0,"comment_status":"closed","ping_status":"closed","template":"","meta":{"ngg_post_thumbnail":0,"footnotes":""},"class_list":["post-425","page","type-page","status-publish","hentry"],"_links":{"self":[{"href":"https:\/\/rhoenklub-dipperz.de\/index.php\/wp-json\/wp\/v2\/pages\/425","targetHints":{"allow":["GET"]}}],"collection":[{"href":"https:\/\/rhoenklub-dipperz.de\/index.php\/wp-json\/wp\/v2\/pages"}],"about":[{"href":"https:\/\/rhoenklub-dipperz.de\/index.php\/wp-json\/wp\/v2\/types\/page"}],"author":[{"embeddable":true,"href":"https:\/\/rhoenklub-dipperz.de\/index.php\/wp-json\/wp\/v2\/users\/1"}],"replies":[{"embeddable":true,"href":"https:\/\/rhoenklub-dipperz.de\/index.php\/wp-json\/wp\/v2\/comments?post=425"}],"version-history":[{"count":0,"href":"https:\/\/rhoenklub-dipperz.de\/index.php\/wp-json\/wp\/v2\/pages\/425\/revisions"}],"wp:attachment":[{"href":"https:\/\/rhoenklub-dipperz.de\/index.php\/wp-json\/wp\/v2\/media?parent=425"}],"curies":[{"name":"wp","href":"https:\/\/api.w.org\/{rel}","templated":true}]}}