{"id":479,"date":"2017-02-27T17:45:07","date_gmt":"2017-02-27T16:45:07","guid":{"rendered":"http:\/\/rhoenklub-dipperz.de\/?page_id=479"},"modified":"2017-03-02T17:07:32","modified_gmt":"2017-03-02T16:07:32","slug":"antoniushof","status":"publish","type":"page","link":"https:\/\/rhoenklub-dipperz.de\/index.php\/antoniushof\/","title":{"rendered":"Antoniushof"},"content":{"rendered":"<p><strong>&nbsp;&nbsp;&nbsp;&nbsp;&nbsp;&nbsp;&nbsp;&nbsp; Rh\u00f6nklub &#8211; Dipperz auf dem <\/strong><strong>Antonius<\/strong><strong>-Hof in Haimbach<\/strong><\/p>\n<p><strong>&nbsp;<\/strong>Eine stattliche Anzahl von 34 Personen haben den Antonius-Hof im landschaftlich reizvollen Tal der Fulda zwischen Rh\u00f6n&nbsp; und Vogelsberg besichtigt. Der Betriebsleiter Peter Hinz pr\u00e4sentierte detailreich in einer zwei-st\u00fcndigen F\u00fchrung die Einrichtung als ein Demonstrationsbetrieb des \u00f6kologischen Landbaus. Der Betrieb im Netzwerk des Antoniusheimes gibt Menschen mit Behinderung die M\u00f6glichkeit, in die Arbeitswelt eines Landwirts eingegliedert zu werden.<\/p>\n<p><img loading=\"lazy\" decoding=\"async\" class=\"alignleft wp-image-510\" src=\"http:\/\/rhoenklub-dipperz.de\/wp-content\/uploads\/2017\/02\/P3100005-150x150.jpg\" width=\"240\" height=\"160\" srcset=\"https:\/\/rhoenklub-dipperz.de\/wp-content\/uploads\/2017\/02\/P3100005-300x200.jpg 300w, https:\/\/rhoenklub-dipperz.de\/wp-content\/uploads\/2017\/02\/P3100005-768x513.jpg 768w, https:\/\/rhoenklub-dipperz.de\/wp-content\/uploads\/2017\/02\/P3100005-1024x683.jpg 1024w\" sizes=\"auto, (max-width: 240px) 100vw, 240px\" \/>Die nahezu 100 Mitarbeiter &#8211; mit und ohne Behinderung&nbsp; k\u00f6nnen innerhalb des Antonius-Hofes zwischen den Arbeitsfeldern Milchviehhaltung, Schweine- und H\u00fchnerhaltung, Kartoffelverarbeitung und \u00f6kologischem Feldbau w\u00e4hlen. In allen Bereichen wird Hand in Hand, in den Stallungen ebenso wie auf dem Acker gearbeitet. Jeder Mitarbeiter lernt zu begreifen, dass sein Arbeitseinsatz ein Teil der Gesamtarbeit ist. Dadurch wird das eigene Tun wertgesch\u00e4tzt. Jeder Mitarbeiter kann das Ergebnis seiner Arbeit beobachten und somit einen Bezug zu seiner T\u00e4tigkeit herstellen. Bei den Kartoffeln zum Beispiel werden vom Anbau bis zur Verarbeitung alle Schritte &nbsp;durchgef\u00fchrt.<\/p>\n<p>Wie ihre Herstellung vermarktungsreif und k\u00fcchenfertig erfolgt, war beeindruckend zu sehen. Die Haltung der 110 Milchk\u00fche einschlie\u00dflich der Nachzucht, der 35 Sauen sowie der 700 Mastschweine pro Jahr erfolgt in artgerechter Form mit Auslauf und in frischer Luft.<img loading=\"lazy\" decoding=\"async\" class=\"aligncenter wp-image-509 size-large\" src=\"http:\/\/rhoenklub-dipperz.de\/wp-content\/uploads\/2017\/02\/P3100008-1024x683.jpg\" width=\"474\" height=\"316\" srcset=\"https:\/\/rhoenklub-dipperz.de\/wp-content\/uploads\/2017\/02\/P3100008-1024x683.jpg 1024w, https:\/\/rhoenklub-dipperz.de\/wp-content\/uploads\/2017\/02\/P3100008-300x200.jpg 300w, https:\/\/rhoenklub-dipperz.de\/wp-content\/uploads\/2017\/02\/P3100008-768x513.jpg 768w\" sizes=\"auto, (max-width: 474px) 100vw, 474px\" \/><\/p>\n<p>Im Ackerbau wird auf einer Fl\u00e4che von 375 ha ein breites Spektrum an landwirtschaftlichen Kulturen angebaut, wie z. B. Kartoffel, Gem\u00fcse, Brotgetreide etc..<\/p>\n<p>Nach der Besichtigung wurden wir im Gesellschaftsraum reichlich <a href=\"http:\/\/rhoenklub-dipperz.de\/wp-content\/uploads\/2017\/02\/2016-03-10-16.29.57.jpg\"><img loading=\"lazy\" decoding=\"async\" class=\"alignleft wp-image-511\" src=\"http:\/\/rhoenklub-dipperz.de\/wp-content\/uploads\/2017\/02\/2016-03-10-16.29.57-300x169.jpg\" width=\"280\" height=\"158\" srcset=\"https:\/\/rhoenklub-dipperz.de\/wp-content\/uploads\/2017\/02\/2016-03-10-16.29.57-300x169.jpg 300w, https:\/\/rhoenklub-dipperz.de\/wp-content\/uploads\/2017\/02\/2016-03-10-16.29.57-768x432.jpg 768w, https:\/\/rhoenklub-dipperz.de\/wp-content\/uploads\/2017\/02\/2016-03-10-16.29.57-1024x576.jpg 1024w\" sizes=\"auto, (max-width: 280px) 100vw, 280px\" \/><\/a>mit Kaffee und Kuchen vom emsigen Kantinenwirt Rainer versorgt. Zur Begr\u00fc\u00dfung hatte er einen gekonnt vorgetragener Stimmungsjodler parat.<\/p>\n<p>&nbsp;<\/p>\n<p>Text: Bernhard Weber<br \/>\nFotos: Bernhard Weber und Angela W\u00fcnnenberg<\/p>\n","protected":false},"excerpt":{"rendered":"<p>&nbsp;&nbsp;&nbsp;&nbsp;&nbsp;&nbsp;&nbsp;&nbsp; Rh\u00f6nklub &#8211; Dipperz auf dem Antonius-Hof in Haimbach &nbsp;Eine stattliche Anzahl von 34 Personen haben den Antonius-Hof im landschaftlich reizvollen Tal der Fulda zwischen Rh\u00f6n&nbsp; und Vogelsberg besichtigt. Der Betriebsleiter Peter Hinz pr\u00e4sentierte detailreich in einer zwei-st\u00fcndigen F\u00fchrung die Einrichtung als ein Demonstrationsbetrieb des \u00f6kologischen Landbaus. Der Betrieb im Netzwerk des Antoniusheimes gibt Menschen &hellip; <a href=\"https:\/\/rhoenklub-dipperz.de\/index.php\/antoniushof\/\" class=\"more-link\"><span class=\"screen-reader-text\">Antoniushof<\/span> weiterlesen <span class=\"meta-nav\">&rarr;<\/span><\/a><\/p>\n","protected":false},"author":2,"featured_media":0,"parent":0,"menu_order":0,"comment_status":"closed","ping_status":"closed","template":"","meta":{"ngg_post_thumbnail":0,"footnotes":""},"class_list":["post-479","page","type-page","status-publish","hentry"],"_links":{"self":[{"href":"https:\/\/rhoenklub-dipperz.de\/index.php\/wp-json\/wp\/v2\/pages\/479","targetHints":{"allow":["GET"]}}],"collection":[{"href":"https:\/\/rhoenklub-dipperz.de\/index.php\/wp-json\/wp\/v2\/pages"}],"about":[{"href":"https:\/\/rhoenklub-dipperz.de\/index.php\/wp-json\/wp\/v2\/types\/page"}],"author":[{"embeddable":true,"href":"https:\/\/rhoenklub-dipperz.de\/index.php\/wp-json\/wp\/v2\/users\/2"}],"replies":[{"embeddable":true,"href":"https:\/\/rhoenklub-dipperz.de\/index.php\/wp-json\/wp\/v2\/comments?post=479"}],"version-history":[{"count":0,"href":"https:\/\/rhoenklub-dipperz.de\/index.php\/wp-json\/wp\/v2\/pages\/479\/revisions"}],"wp:attachment":[{"href":"https:\/\/rhoenklub-dipperz.de\/index.php\/wp-json\/wp\/v2\/media?parent=479"}],"curies":[{"name":"wp","href":"https:\/\/api.w.org\/{rel}","templated":true}]}}