{"id":538,"date":"2017-03-02T18:05:55","date_gmt":"2017-03-02T17:05:55","guid":{"rendered":"http:\/\/rhoenklub-dipperz.de\/?page_id=538"},"modified":"2017-03-03T19:18:51","modified_gmt":"2017-03-03T18:18:51","slug":"bildstockwanderung-dipperz","status":"publish","type":"page","link":"https:\/\/rhoenklub-dipperz.de\/index.php\/bildstockwanderung-dipperz\/","title":{"rendered":"Bildstockwanderung Dipperz"},"content":{"rendered":"<p><strong>&nbsp;&nbsp;&nbsp; Bildstockwanderung anl\u00e4sslich der 750-Jahrfeier Dipperz<br \/>\n<\/strong><\/p>\n<p>Veranstaltet durch den Dipperzer Rh\u00f6nklub fand anl\u00e4sslich der diesj\u00e4hrigen 750-Jahrfeier am Palmsonntag eine kulturelle Wanderung zu verschiedenen Kulturdenkmalen, wie Bildst\u00f6cke, Feldkreuze in der Ortslage von Dipperz und deren Umgebung statt. Die F\u00fchrung lag in den H\u00e4nden von Ehrenb\u00fcrgermeister Reinhold Hartung, der den 43 Teilnehmern interessante und anschauliche Informationen an den einzelnen Standorten gab.<img loading=\"lazy\" decoding=\"async\" class=\"aligncenter wp-image-674\" src=\"http:\/\/rhoenklub-dipperz.de\/wp-content\/uploads\/2017\/03\/1.-Bildstockwanderung-17.-4.-2011-0-1024x768.jpg\" height=\"356\" width=\"474\" srcset=\"https:\/\/rhoenklub-dipperz.de\/wp-content\/uploads\/2017\/03\/1.-Bildstockwanderung-17.-4.-2011-0-1024x768.jpg 1024w, https:\/\/rhoenklub-dipperz.de\/wp-content\/uploads\/2017\/03\/1.-Bildstockwanderung-17.-4.-2011-0-300x225.jpg 300w, https:\/\/rhoenklub-dipperz.de\/wp-content\/uploads\/2017\/03\/1.-Bildstockwanderung-17.-4.-2011-0-768x576.jpg 768w, https:\/\/rhoenklub-dipperz.de\/wp-content\/uploads\/2017\/03\/1.-Bildstockwanderung-17.-4.-2011-0.jpg 1600w\" sizes=\"auto, (max-width: 474px) 100vw, 474px\" \/><\/p>\n<p>Im Folgenden soll zur allgemeinen Information zusammengefasst das Wesentliche wieder gegeben werden.<\/p>\n<p><strong>Zun\u00e4chst zur Geschichte<\/strong><\/p>\n<p>Die Wurzeln der Bildst\u00f6cke reichen bis zur mittelalterlichen Totenleuchte zur\u00fcck, welche zur Beleuchtung des Friedhofes im Sinne des Gedenkens an die Toten verwendet wurde. Andere sollen an einen Verungl\u00fcckten oder einen unbeschadet \u00fcberstandenen Unfall oder eine Heilung von einer Krankheit oder eine gl\u00fccklich Heimkehr aus dem Krieg oder auch einen lang ersehnten und erf\u00fcllten Kinderwunsch erinnern. Die Motive f\u00fcr deren Errichtung sind jedenfalls sehr vielf\u00e4ltig. <img loading=\"lazy\" decoding=\"async\" class=\"alignleft wp-image-672\" src=\"http:\/\/rhoenklub-dipperz.de\/wp-content\/uploads\/2017\/03\/24-225x300.jpg\" height=\"300\" width=\"225\" srcset=\"https:\/\/rhoenklub-dipperz.de\/wp-content\/uploads\/2017\/03\/24-225x300.jpg 225w, https:\/\/rhoenklub-dipperz.de\/wp-content\/uploads\/2017\/03\/24-768x1024.jpg 768w, https:\/\/rhoenklub-dipperz.de\/wp-content\/uploads\/2017\/03\/24.jpg 1200w\" sizes=\"auto, (max-width: 225px) 100vw, 225px\" \/>Haupts\u00e4chlich sind diese religi\u00f6sen Kleindenkmale in den katholischen Landesteilen zu finden. In der Gro\u00dfgemeinde Dipperz befindet sich eine stattliche Anzahl von 54, die sich auf die einzelnen Ortsteile wie folgt verteilen: Armenhof 2, Dipperz 17, D\u00f6rmbach 5, Finkenhain, 5 Friesenhausen 9, Kohlgrund 5, Wisselsrod 5 und Wolferts 6. Es ist das allgemeine Anliegen, diese geschaffenen Kulturg\u00fcter in einem w\u00fcrdigen Zustand zu erhalten. So wurden seit der Gebietsreform im Jahre 1972 nahezu 40 Kulturgegenst\u00e4nde federf\u00fchrend seitens der Gemeinde in Zusammenarbeit mit den Eigent\u00fcmern, der bisch\u00f6flichen Beh\u00f6rde und dem Landkreis Fulda fachm\u00e4nnisch restauriert und auch durch diese Stellen finanziert. In dem von Pfarrer Erwin Sturm aus Rommerz herausgegeben Buch \u201eDie Bau- und Kunstdenkmale im Fuldaer Land\u201c, Ausgabe Herbst 1989, befindet sich eine Beschreibung der Werke.<\/p>\n<p>Die erste Station war das <strong>Gefallenenehrenmal,<\/strong> welches im Jahre 1923 gem\u00e4\u00df der Gr\u00fcndungsurkunde den Gefallenen zur Ehre, uns Lebenden und sp\u00e4teren Geschlechtern zur steten Erinnerung errichtet wurde. Der Plan stammt von dem Bildhauer Seiler aus Frankfurt, der von einem Johann Winges aus Dipperz ausfindig gemacht wurde. Die darstellende Pieta soll nach der Urkunde folgendes symbolisieren: \u201eSie ist es, die nach einem verlorenen Kriege, wie der Weltkrieg mit all seinem Kampf und seiner Schwere, mit all seinem Elend und Leid, das \u00fcber die Menschheit gekommen ist, die Trauer und das z\u00e4he Ringen nach besserem Leben zur verk\u00f6rpern kann.\u201c Das offene Geb\u00e4ude \u00fcber der Skulptur wurde nachtr\u00e4glich errichtet.<\/p>\n<p><img loading=\"lazy\" decoding=\"async\" class=\"aligncenter size-large wp-image-675\" src=\"http:\/\/rhoenklub-dipperz.de\/wp-content\/uploads\/2017\/03\/1.-Bildstockwanderung-17.-4.-2011-5-1024x768.jpg\" alt=\"\" height=\"356\" width=\"474\" srcset=\"https:\/\/rhoenklub-dipperz.de\/wp-content\/uploads\/2017\/03\/1.-Bildstockwanderung-17.-4.-2011-5-1024x768.jpg 1024w, https:\/\/rhoenklub-dipperz.de\/wp-content\/uploads\/2017\/03\/1.-Bildstockwanderung-17.-4.-2011-5-300x225.jpg 300w, https:\/\/rhoenklub-dipperz.de\/wp-content\/uploads\/2017\/03\/1.-Bildstockwanderung-17.-4.-2011-5-768x576.jpg 768w, https:\/\/rhoenklub-dipperz.de\/wp-content\/uploads\/2017\/03\/1.-Bildstockwanderung-17.-4.-2011-5.jpg 1600w\" sizes=\"auto, (max-width: 474px) 100vw, 474px\" \/>Der Weg f\u00fchrte anschlie\u00dfend zur <strong>katholischen Kirche<\/strong>, die ein stattlicher Backsteinbau in neuromanischen Formen aus den Jahren 1895\/96 ist. Sie wurde errichtet nach dem der Vorg\u00e4ngerbau aus dem Jahre 1801 dem gro\u00dfen Dipperzer Brand vom 2. September 1892 zum Opfer gefallen war. So brannten etwa 50 Geb\u00e4ude nieder, 25 Familien waren obdachlos. Damaliger Pfarrer von Dipperz war der legend\u00e4re Wilhelm Ney, der \u00fcber eine lange Zeit von 1886 bis zu seinem Tode im Jahre 1935 die Seelsorge aus\u00fcbte.<\/p>\n<p>In die \u00e4u\u00dfere Pfarrhausgartenmauer (an der Ecke zur Schule) befindet sich ein <strong>Steinrelief <\/strong>mit dem Portr\u00e4t des Pfarrers Wilhelm Ney.<\/p>\n<p>Einen besonderen Charakter spiegelt das <strong>kath. Pfarrhaus<\/strong> wider, dass 1842-43 aus Sandsteinquadern errichtet wurde. Es ist ein zweigeschossiger Bau von 5 zu 2 Fensterachsen mit Sandsteinrahmungen der Fenster, Kr\u00fcppelwalmdach. Auf der profilierten, waagrechten \u00dcberdachung der Haust\u00fcr steht eine neue Holzmadonna (Tiroler Arbeit). Die Steine sollen von einer ehemaligen, im gegen\u00fcberliegenden \u201eSchlossgarten\u201c gelegenen Wasserburg stammen<\/p>\n<p>Ein gewisses Wahrzeichen und beliebtes Fotomotiv ist die <strong>Steinplastik auf der Gartenpforte<\/strong> des Gasthauses \u201e Zur Krone\u201c der Familie Kircher. Die Gartenpforte hat eine barock profilierte Sandstein- Rahmung mit einem Seitelstein. Dar\u00fcber steht eine gute sp\u00e4tbarocke Steinplastik der \u201eImmaculata\u201c = lat. die Unbefleckte (gemeint ist die Gottesmutter Maria) auf der Weltkugel mit Schlange.<\/p>\n<p>Vor dem landwirtschaftlichen Anwesen der Familie Friedrich in der Wilhelm-Ney-Stra\u00dfe befindet sich ein <strong>Bildstock<\/strong> aus dem Jahr 1843 \u2013 errichtet von einem Caspar B\u00f6hm aus Dipperz. Es zeigt ein Kreuzbild bzw. die Heilige Familie. Die Inschrift lautet: \u201eDer f\u00fcr uns am Kreuz starb wird einst unser Richter sein. Der rechte Weg zum Himmel geht durch Geduld im Leide. Willst du bei Jesus leben, leide mit ihm\u201c<\/p>\n<p>Eine weitere Station ist das <strong>Kreuz auf dem neuen Friedhof<\/strong> aus dem Jahre 2001. Es hat eine H\u00f6he von 4,95 m und besteht aus Bronze. Der Bogen symbolisiert den Erdkreis.&nbsp; Auf den innen liegenden Rosetten erhoben die Darstellungen Kelch, als ein Symbol f\u00fcr die Eucharistie und&nbsp; Fisch als das Erkennungszeichen der fr\u00fchen Christen. Weiter sind&nbsp; dargestellt \u00c4hren und Dreschflegel \u2013 beide Zeichen stammen aus dem Wappen der Gemeinde; eingebunden und gehalten wird dies vom Kreuz. Geschaffen wurde das Werk von dem Bildhauer Scheuring aus Burghaun.<\/p>\n<p>An der Bundesstra\u00dfe Richtung B\u00f6ckels auf der linken Seite befindet sich ein <strong>Bildstock<\/strong> aus dem Jahre 1885 \u2013 Stifter sind die Vorfahren der Familie Hohmann in Dipperz in der Langenbieberstra\u00dfe. Wegen des regen Verkehrsaufkommens konnte leider keine Besichtigung vor Ort stattfinden.<\/p>\n<p>N\u00e4chste Station ist die <strong>barocke Kreuzigungsgruppe<\/strong> am Ortsrand von Dipperz Richtung Fulda mit den Assistenzfiguren Johannes und Maria auf geschweiften Postamenten. Die Stifterinschrift auf dem Kreuzpostament lautet: \u201eDieses Marter Bild hat Gott Ehren aufrichten lassen der ehrsame Anton Sch\u00e4fer und Annamargreda Sch\u00e4ferin zu Dipperz 1789\u201c Heutige Besitzer des Denkmals ist die Gastwirtsfamilie Kircher in Dipperz als Nachfahre.<\/p>\n<p>Ein weiterer <strong>Bildstock<\/strong> befindet sich auf dem Wohnhausgrundst\u00fcck der Familie Helmut Meyer in der Kohlgrunder Stra\u00dfe \u2013 geschaffen von dem Bildhauer Landgraf aus Haimbach im Jahre 1987. Auf einem kr\u00e4ftigen Pfeiler befindet sich ein gerundeter Aufsatz mit Relief des Heiligen Antonius des Einsiedlers mit Antoniuskreuz.<\/p>\n<p>Der n\u00e4chste Besuch gilt dem Bildstock Richtung Kohlgrund, der laut Pfarrarchiv 1686 errichtet wurde. Er ist eine regelm\u00e4\u00dfige Wallfahrtsstation in der j\u00e4hrlichen Bittwoche.<\/p>\n<p>In der Weberstra\u00dfe auf dem Grundst\u00fcck der Familie Hermann Leibold befindet sich ein <strong>neugotischer Bildstock<\/strong> <img loading=\"lazy\" decoding=\"async\" class=\"alignright wp-image-673\" src=\"http:\/\/rhoenklub-dipperz.de\/wp-content\/uploads\/2017\/03\/1.-Bildstockwanderung-17.-4.-2011-7-300x225.jpg\" height=\"225\" width=\"300\" srcset=\"https:\/\/rhoenklub-dipperz.de\/wp-content\/uploads\/2017\/03\/1.-Bildstockwanderung-17.-4.-2011-7-300x225.jpg 300w, https:\/\/rhoenklub-dipperz.de\/wp-content\/uploads\/2017\/03\/1.-Bildstockwanderung-17.-4.-2011-7-768x576.jpg 768w, https:\/\/rhoenklub-dipperz.de\/wp-content\/uploads\/2017\/03\/1.-Bildstockwanderung-17.-4.-2011-7-1024x768.jpg 1024w, https:\/\/rhoenklub-dipperz.de\/wp-content\/uploads\/2017\/03\/1.-Bildstockwanderung-17.-4.-2011-7.jpg 1600w\" sizes=\"auto, (max-width: 300px) 100vw, 300px\" \/>aus dem Jahre 1862. Stifter war Andreas R\u00f6mmelt und Ehefrau Amalia, geb. Hillenbrand. Er wurde 1991 von der Familie Leibold farbig restauriert.<\/p>\n<p>Letzte Station der kulturellen Wanderung ist die <strong>Marienstatue<\/strong> auf dem Wohngrundst\u00fcck der Familie Dietrich in der Weberstra\u00dfe. Sie wurde um 1885 von Adelheid und Kuno Bott errichtet. Der Standort wurde 1990 neu gestaltet. Die Inschrift lautet: \u201eOh Herr gib den Armen Seelen die ewige Ruhe\u201c<\/p>\n<p><img loading=\"lazy\" decoding=\"async\" class=\"alignleft size-medium wp-image-678\" src=\"http:\/\/rhoenklub-dipperz.de\/wp-content\/uploads\/2017\/03\/33.1-225x300.jpg\" alt=\"\" height=\"300\" width=\"225\" srcset=\"https:\/\/rhoenklub-dipperz.de\/wp-content\/uploads\/2017\/03\/33.1-225x300.jpg 225w, https:\/\/rhoenklub-dipperz.de\/wp-content\/uploads\/2017\/03\/33.1-768x1024.jpg 768w, https:\/\/rhoenklub-dipperz.de\/wp-content\/uploads\/2017\/03\/33.1.jpg 1200w\" sizes=\"auto, (max-width: 225px) 100vw, 225px\" \/>Die Wanderung bot einmal eine gute Gelegenheit, sich mit den \u00f6rtlichen kulturellen Denkmalen in der unmittelbaren Umgebung zu befassen und deren Geschichte kennen zu lernen, an denen man im Alltag bisher vielleicht etwas gedankenlos vor\u00fcber gegangen ist und diesen k\u00fcnftig m\u00f6glicherweise etwas mit einem anderen Blick begegnen wird.<\/p>\n<p>Die Veranstaltung endete mit einem gem\u00fctlichen Beisammensein mit Kaffee und Kuchen im B\u00fcrgerhaus.<\/p>\n<p>Ein besonderer Dank gilt dem Wanderf\u00fchrer Reinhold Hartung f\u00fcr die sorgf\u00e4ltige Zusammenstellung und anschauliche Darstellung unserer vielf\u00e4ltigen Denkmale sowie den Rh\u00f6nklubmitgliedern f\u00fcr die Vorbereitung und Durchf\u00fchrung der Veranstaltung.<\/p>\n<p>&nbsp;<\/p>\n<p>Text: Bernhard Weber<\/p>\n","protected":false},"excerpt":{"rendered":"<p>&nbsp;&nbsp;&nbsp; Bildstockwanderung anl\u00e4sslich der 750-Jahrfeier Dipperz Veranstaltet durch den Dipperzer Rh\u00f6nklub fand anl\u00e4sslich der diesj\u00e4hrigen 750-Jahrfeier am Palmsonntag eine kulturelle Wanderung zu verschiedenen Kulturdenkmalen, wie Bildst\u00f6cke, Feldkreuze in der Ortslage von Dipperz und deren Umgebung statt. Die F\u00fchrung lag in den H\u00e4nden von Ehrenb\u00fcrgermeister Reinhold Hartung, der den 43 Teilnehmern interessante und anschauliche Informationen an &hellip; <a href=\"https:\/\/rhoenklub-dipperz.de\/index.php\/bildstockwanderung-dipperz\/\" class=\"more-link\"><span class=\"screen-reader-text\">Bildstockwanderung Dipperz<\/span> weiterlesen <span class=\"meta-nav\">&rarr;<\/span><\/a><\/p>\n","protected":false},"author":2,"featured_media":0,"parent":0,"menu_order":0,"comment_status":"closed","ping_status":"closed","template":"","meta":{"ngg_post_thumbnail":0,"footnotes":""},"class_list":["post-538","page","type-page","status-publish","hentry"],"_links":{"self":[{"href":"https:\/\/rhoenklub-dipperz.de\/index.php\/wp-json\/wp\/v2\/pages\/538","targetHints":{"allow":["GET"]}}],"collection":[{"href":"https:\/\/rhoenklub-dipperz.de\/index.php\/wp-json\/wp\/v2\/pages"}],"about":[{"href":"https:\/\/rhoenklub-dipperz.de\/index.php\/wp-json\/wp\/v2\/types\/page"}],"author":[{"embeddable":true,"href":"https:\/\/rhoenklub-dipperz.de\/index.php\/wp-json\/wp\/v2\/users\/2"}],"replies":[{"embeddable":true,"href":"https:\/\/rhoenklub-dipperz.de\/index.php\/wp-json\/wp\/v2\/comments?post=538"}],"version-history":[{"count":0,"href":"https:\/\/rhoenklub-dipperz.de\/index.php\/wp-json\/wp\/v2\/pages\/538\/revisions"}],"wp:attachment":[{"href":"https:\/\/rhoenklub-dipperz.de\/index.php\/wp-json\/wp\/v2\/media?parent=538"}],"curies":[{"name":"wp","href":"https:\/\/api.w.org\/{rel}","templated":true}]}}