{"id":681,"date":"2017-03-03T19:38:26","date_gmt":"2017-03-03T18:38:26","guid":{"rendered":"http:\/\/rhoenklub-dipperz.de\/?page_id=681"},"modified":"2017-03-03T19:38:26","modified_gmt":"2017-03-03T18:38:26","slug":"mammutbaeume-bei-schotten","status":"publish","type":"page","link":"https:\/\/rhoenklub-dipperz.de\/index.php\/mammutbaeume-bei-schotten\/","title":{"rendered":"Mammutb\u00e4ume bei Schotten"},"content":{"rendered":"<p><strong>&nbsp;&nbsp;&nbsp;&nbsp;&nbsp;&nbsp;&nbsp;&nbsp;&nbsp;&nbsp;&nbsp;&nbsp;&nbsp;&nbsp;&nbsp;&nbsp;&nbsp;&nbsp;&nbsp;&nbsp;&nbsp;&nbsp;&nbsp; Wanderung zu dem Mammutbaum&nbsp; &nbsp;<\/strong><\/p>\n<p><strong>&nbsp;<\/strong>Edelgard und Uwe M\u00e4rtin hatten den Riesen-Mammutbaum bei Schotten ausfindig gemacht und als Wandervorschlag unterbreitet. Am Sonntag, den 22. Juni 2014, machten sich 23 Rh\u00f6nklubfreunde auf in den Naturpark Hoher Vogelsberg, um das Naturwunder zu besichtigen.<img loading=\"lazy\" decoding=\"async\" class=\"aligncenter wp-image-683\" src=\"http:\/\/rhoenklub-dipperz.de\/wp-content\/uploads\/2017\/03\/2-225x300.jpg\" height=\"300\" width=\"225\" srcset=\"https:\/\/rhoenklub-dipperz.de\/wp-content\/uploads\/2017\/03\/2-225x300.jpg 225w, https:\/\/rhoenklub-dipperz.de\/wp-content\/uploads\/2017\/03\/2-768x1024.jpg 768w\" sizes=\"auto, (max-width: 225px) 100vw, 225px\" \/><\/p>\n<p>Es steht inmitten eines Pflanzgartens. Die eigentliche Heimat dieser Baumart ist Nordamerika, die dort bis 1000 Jahre alt wird. Ob dies auch bei dem Baum und seinen f\u00fcnf weiteren Gef\u00e4hrten in Schotten m\u00f6glich ist, wird wohl erst viele Generationen nach uns beantwortet werden k\u00f6nnen.<\/p>\n<p>Das Vogelsberger Exemplar wurde 1900 vom F\u00f6rster Carl Schott jr. anl\u00e4sslich der Geburt seines Sohnes gepflanzt. Die Pflanze stammte aus dem Botanischen Garten in Gie\u00dfen.<\/p>\n<p><img loading=\"lazy\" decoding=\"async\" class=\"alignleft wp-image-684\" src=\"http:\/\/rhoenklub-dipperz.de\/wp-content\/uploads\/2017\/03\/1-1.jpg\" height=\"227\" width=\"170\">Messungen im Jahr 2009 in 1m H\u00f6he ergaben einen Stammumfang von 8,25 Metern und einen Durchmesser in Brusth\u00f6he von 2,36 Metern.<\/p>\n<p>Das Gew\u00e4chs hat einen gleichm\u00e4\u00dfig gewachsenen Stamm, der breit am Boden beginnt und sich gleichm\u00e4\u00dfig verj\u00fcngt und eine etwa 35 Meter hohe, schlanke, kegelf\u00f6rmige Krone besitzt. Die Spitze ist nach dem trockenen&nbsp; Winter 2007\/2008 trocken gefallen und abgeworfen worden. Es bildete sich eine h\u00f6here zweite Spitze. Neben diesem Riesen befinden sich in weiterer Umgebung f\u00fcnf weitere Mammuts aus den 1930 Jahren.<\/p>\n<p><img loading=\"lazy\" decoding=\"async\" class=\"alignright wp-image-685\" src=\"http:\/\/rhoenklub-dipperz.de\/wp-content\/uploads\/2017\/03\/CIMG0034-225x300.jpg\" height=\"300\" width=\"225\" srcset=\"https:\/\/rhoenklub-dipperz.de\/wp-content\/uploads\/2017\/03\/CIMG0034-225x300.jpg 225w, https:\/\/rhoenklub-dipperz.de\/wp-content\/uploads\/2017\/03\/CIMG0034-768x1024.jpg 768w\" sizes=\"auto, (max-width: 225px) 100vw, 225px\" \/>Der Besuch dieser in unserer Region einzigartigen und damit besonderen Spezies im Pflanzenreich war sehr informativ gepaart mit einer anschlie\u00dfenden Wanderung zum nahegelegenen Nidda-Stausee.<\/p>\n<p>&nbsp;<\/p>\n<p>Text: Bernhard Weber, Fotos: Gertrud Wingenfeld<\/p>\n","protected":false},"excerpt":{"rendered":"<p>&nbsp;&nbsp;&nbsp;&nbsp;&nbsp;&nbsp;&nbsp;&nbsp;&nbsp;&nbsp;&nbsp;&nbsp;&nbsp;&nbsp;&nbsp;&nbsp;&nbsp;&nbsp;&nbsp;&nbsp;&nbsp;&nbsp;&nbsp; Wanderung zu dem Mammutbaum&nbsp; &nbsp; &nbsp;Edelgard und Uwe M\u00e4rtin hatten den Riesen-Mammutbaum bei Schotten ausfindig gemacht und als Wandervorschlag unterbreitet. Am Sonntag, den 22. Juni 2014, machten sich 23 Rh\u00f6nklubfreunde auf in den Naturpark Hoher Vogelsberg, um das Naturwunder zu besichtigen. Es steht inmitten eines Pflanzgartens. Die eigentliche Heimat dieser Baumart ist Nordamerika, die &hellip; <a href=\"https:\/\/rhoenklub-dipperz.de\/index.php\/mammutbaeume-bei-schotten\/\" class=\"more-link\"><span class=\"screen-reader-text\">Mammutb\u00e4ume bei Schotten<\/span> weiterlesen <span class=\"meta-nav\">&rarr;<\/span><\/a><\/p>\n","protected":false},"author":2,"featured_media":0,"parent":0,"menu_order":0,"comment_status":"closed","ping_status":"closed","template":"","meta":{"ngg_post_thumbnail":0,"footnotes":""},"class_list":["post-681","page","type-page","status-publish","hentry"],"_links":{"self":[{"href":"https:\/\/rhoenklub-dipperz.de\/index.php\/wp-json\/wp\/v2\/pages\/681","targetHints":{"allow":["GET"]}}],"collection":[{"href":"https:\/\/rhoenklub-dipperz.de\/index.php\/wp-json\/wp\/v2\/pages"}],"about":[{"href":"https:\/\/rhoenklub-dipperz.de\/index.php\/wp-json\/wp\/v2\/types\/page"}],"author":[{"embeddable":true,"href":"https:\/\/rhoenklub-dipperz.de\/index.php\/wp-json\/wp\/v2\/users\/2"}],"replies":[{"embeddable":true,"href":"https:\/\/rhoenklub-dipperz.de\/index.php\/wp-json\/wp\/v2\/comments?post=681"}],"version-history":[{"count":0,"href":"https:\/\/rhoenklub-dipperz.de\/index.php\/wp-json\/wp\/v2\/pages\/681\/revisions"}],"wp:attachment":[{"href":"https:\/\/rhoenklub-dipperz.de\/index.php\/wp-json\/wp\/v2\/media?parent=681"}],"curies":[{"name":"wp","href":"https:\/\/api.w.org\/{rel}","templated":true}]}}