{"id":714,"date":"2017-03-06T19:05:51","date_gmt":"2017-03-06T18:05:51","guid":{"rendered":"http:\/\/rhoenklub-dipperz.de\/?page_id=714"},"modified":"2017-03-06T19:05:51","modified_gmt":"2017-03-06T18:05:51","slug":"fruehwanderung","status":"publish","type":"page","link":"https:\/\/rhoenklub-dipperz.de\/index.php\/fruehwanderung\/","title":{"rendered":"Fr\u00fchwanderung"},"content":{"rendered":"<p><strong>&nbsp;<\/strong>Kurz vor f\u00fcnf Uhr ruft der Wecker zum Ende der Nachtruhe; denn in einer halben Stunde ist das Treffen am Dipperzer Sportplatz f\u00fcr die allj\u00e4hrliche Fr\u00fchwanderung des Rh\u00f6nklubs. <img loading=\"lazy\" decoding=\"async\" class=\"aligncenter wp-image-717 size-large\" src=\"http:\/\/rhoenklub-dipperz.de\/wp-content\/uploads\/2017\/03\/BILD0032-768x1024.jpg\" height=\"632\" width=\"474\" srcset=\"https:\/\/rhoenklub-dipperz.de\/wp-content\/uploads\/2017\/03\/BILD0032-768x1024.jpg 768w, https:\/\/rhoenklub-dipperz.de\/wp-content\/uploads\/2017\/03\/BILD0032-225x300.jpg 225w\" sizes=\"auto, (max-width: 474px) 100vw, 474px\" \/>20 Personen haben sich eingefunden und m\u00f6chten an diesem Erlebnis teilnehmen getreu dem bekannten Wanderlied :<\/p>\n<p>&nbsp;&nbsp;&nbsp;&nbsp;&nbsp;&nbsp;&nbsp;&nbsp;&nbsp;&nbsp;&nbsp;&nbsp;&nbsp;&nbsp;&nbsp;&nbsp;&nbsp;&nbsp;&nbsp;&nbsp;&nbsp;&nbsp;&nbsp;&nbsp;&nbsp;&nbsp;&nbsp; Im Fr\u00fchtau zu Berge, wir gehn, fallera,<br \/>\n&nbsp;&nbsp;&nbsp;&nbsp;&nbsp;&nbsp;&nbsp;&nbsp;&nbsp;&nbsp;&nbsp;&nbsp;&nbsp;&nbsp;&nbsp;&nbsp;&nbsp;&nbsp;&nbsp;&nbsp;&nbsp;&nbsp;&nbsp;&nbsp;&nbsp; es gr\u00fcnen die W\u00e4lder und H\u00f6hn, fallera.<br \/>\n&nbsp;&nbsp;&nbsp;&nbsp;&nbsp;&nbsp;&nbsp;&nbsp;&nbsp;&nbsp;&nbsp;&nbsp;&nbsp;&nbsp;&nbsp; Wir wandern ohne Sorgen singend in den Morgen<br \/>\n&nbsp;&nbsp;&nbsp;&nbsp;&nbsp;&nbsp;&nbsp;&nbsp;&nbsp;&nbsp;&nbsp;&nbsp;&nbsp;&nbsp;&nbsp;&nbsp;&nbsp;&nbsp;&nbsp;&nbsp;&nbsp;&nbsp;&nbsp;&nbsp;&nbsp;&nbsp;&nbsp;&nbsp;&nbsp; noch ehe im Tale die H\u00e4hne kr\u00e4hn.<\/p>\n<p>Wanderfreundin Emmi Trapp hat eine herrliche&nbsp; Wanderroute mit anschlie\u00dfender Fr\u00fchst\u00fccksst\u00e4rkung ausgesucht. Mit einigen PKW geht es zum &nbsp;Parkplatz an der Ebersburg als Ausgangspunkt der Tour. <img loading=\"lazy\" decoding=\"async\" class=\"alignleft size-medium wp-image-716\" src=\"http:\/\/rhoenklub-dipperz.de\/wp-content\/uploads\/2017\/03\/BILD0020-225x300.jpg\" alt=\"\" height=\"300\" width=\"225\" srcset=\"https:\/\/rhoenklub-dipperz.de\/wp-content\/uploads\/2017\/03\/BILD0020-225x300.jpg 225w, https:\/\/rhoenklub-dipperz.de\/wp-content\/uploads\/2017\/03\/BILD0020-768x1024.jpg 768w\" sizes=\"auto, (max-width: 225px) 100vw, 225px\" \/>Die Sonne hat sich schon \u00fcber dem Horizont erhoben und w\u00e4rmt mit ihren morgendlichen sommerlichen&nbsp; Strahlen die umliegenden Berge und weithin sichtbaren T\u00e4ler unserer herrlichen Rh\u00f6nlandschaft. Der Blick geht weit \u00fcber die Fuldaer Hochh\u00e4user hin\u00fcber zum Vogelsberg und den Landr\u00fccken mit ihren Windorgeln. So manche Siedlung in der Ferne&nbsp; gibt Anlass zum r\u00e4tseln um welche Ortschaft es sich handelt. In den Weilern Haukeller und Oberrod, die wir passieren, herrscht noch einsame Ruhe, die Bewohner sind offensichtlich noch in ihren H\u00e4usern oder in der n\u00e4chtlichen Arbeitsschicht. <img loading=\"lazy\" decoding=\"async\" class=\"alignright size-medium wp-image-718\" src=\"http:\/\/rhoenklub-dipperz.de\/wp-content\/uploads\/2017\/03\/BILD0038-225x300.jpg\" alt=\"\" height=\"300\" width=\"225\" srcset=\"https:\/\/rhoenklub-dipperz.de\/wp-content\/uploads\/2017\/03\/BILD0038-225x300.jpg 225w, https:\/\/rhoenklub-dipperz.de\/wp-content\/uploads\/2017\/03\/BILD0038-768x1024.jpg 768w\" sizes=\"auto, (max-width: 225px) 100vw, 225px\" \/>Nach eineinhalb Stunden durch Feld, Wald und Flur ist der Ausgangspunkt erreicht und die Zeit gekommen f\u00fcr ein kr\u00e4ftiges Fr\u00fchst\u00fcck in der Gastst\u00e4tte Heckenh\u00f6fchen. Die Wirtin hat den Tisch bereitet mit allem was das Herz und ein gesunder Magen nach einer erlebnisreichen und erbauenden Wandertour am fr\u00fchen Morgen begehrt. &nbsp;&nbsp;<\/p>\n<p>Text: Bernhard Weber, Fotos: Rosemarie Hohmann<\/p>\n","protected":false},"excerpt":{"rendered":"<p>&nbsp;Kurz vor f\u00fcnf Uhr ruft der Wecker zum Ende der Nachtruhe; denn in einer halben Stunde ist das Treffen am Dipperzer Sportplatz f\u00fcr die allj\u00e4hrliche Fr\u00fchwanderung des Rh\u00f6nklubs. 20 Personen haben sich eingefunden und m\u00f6chten an diesem Erlebnis teilnehmen getreu dem bekannten Wanderlied : &nbsp;&nbsp;&nbsp;&nbsp;&nbsp;&nbsp;&nbsp;&nbsp;&nbsp;&nbsp;&nbsp;&nbsp;&nbsp;&nbsp;&nbsp;&nbsp;&nbsp;&nbsp;&nbsp;&nbsp;&nbsp;&nbsp;&nbsp;&nbsp;&nbsp;&nbsp;&nbsp; Im Fr\u00fchtau zu Berge, wir gehn, fallera, &nbsp;&nbsp;&nbsp;&nbsp;&nbsp;&nbsp;&nbsp;&nbsp;&nbsp;&nbsp;&nbsp;&nbsp;&nbsp;&nbsp;&nbsp;&nbsp;&nbsp;&nbsp;&nbsp;&nbsp;&nbsp;&nbsp;&nbsp;&nbsp;&nbsp; es gr\u00fcnen &hellip; <a href=\"https:\/\/rhoenklub-dipperz.de\/index.php\/fruehwanderung\/\" class=\"more-link\"><span class=\"screen-reader-text\">Fr\u00fchwanderung<\/span> weiterlesen <span class=\"meta-nav\">&rarr;<\/span><\/a><\/p>\n","protected":false},"author":2,"featured_media":0,"parent":0,"menu_order":0,"comment_status":"closed","ping_status":"closed","template":"","meta":{"ngg_post_thumbnail":0,"footnotes":""},"class_list":["post-714","page","type-page","status-publish","hentry"],"_links":{"self":[{"href":"https:\/\/rhoenklub-dipperz.de\/index.php\/wp-json\/wp\/v2\/pages\/714","targetHints":{"allow":["GET"]}}],"collection":[{"href":"https:\/\/rhoenklub-dipperz.de\/index.php\/wp-json\/wp\/v2\/pages"}],"about":[{"href":"https:\/\/rhoenklub-dipperz.de\/index.php\/wp-json\/wp\/v2\/types\/page"}],"author":[{"embeddable":true,"href":"https:\/\/rhoenklub-dipperz.de\/index.php\/wp-json\/wp\/v2\/users\/2"}],"replies":[{"embeddable":true,"href":"https:\/\/rhoenklub-dipperz.de\/index.php\/wp-json\/wp\/v2\/comments?post=714"}],"version-history":[{"count":0,"href":"https:\/\/rhoenklub-dipperz.de\/index.php\/wp-json\/wp\/v2\/pages\/714\/revisions"}],"wp:attachment":[{"href":"https:\/\/rhoenklub-dipperz.de\/index.php\/wp-json\/wp\/v2\/media?parent=714"}],"curies":[{"name":"wp","href":"https:\/\/api.w.org\/{rel}","templated":true}]}}